{"id":105,"date":"2019-07-04T13:09:36","date_gmt":"2019-07-04T11:09:36","guid":{"rendered":"https:\/\/www.publiconsulting.com\/wordpress\/flornueva\/chapter\/romance-veintidos\/"},"modified":"2019-07-04T13:40:50","modified_gmt":"2019-07-04T11:40:50","slug":"romance-veintidos","status":"publish","type":"chapter","link":"https:\/\/www.publiconsulting.com\/wordpress\/flornueva\/chapter\/romance-veintidos\/","title":{"rendered":"Romance veintid\u00f3s"},"content":{"raw":"\n\n  <h2 class=\"sigil_not_in_toc\">ROMANCE VEINTID\u00d3S<\/h2>\n\n  <p class=\"titulo\">Mensaje de Alvar F\u00e1\u00f1ez y perd\u00f3n del Cid<\/p>\n\n  <div class=\"verso1\">\n    <p>Lleg\u00f3 Alvar F\u00e1\u00f1ez a Burgos<br>a llevar al rey la empresa<br>de cautivos y caballos,<br>de despojos y riquezas,<br>con cien llaves de las villas<br>y castillos que rindiera.<\/p>\n\n    <p>Los que a lo lejos las v\u00edan<br>piensan que es gente de guerra,<br>y en grande alegr\u00eda tornan<br>al saber del Cid las nuevas.<\/p>\n\n    <p>Entr\u00f3 Alvar F\u00e1\u00f1ez al rey,<br>y pidi\u00e9ndole licencia,<br>bes\u00f3le la mano y dijo:<br>\u2014Rey, reciba vuestra alteza<br>de un hidalgo desterrado<br>la voluntad por ofrenda.<br>De aqueste don que te env\u00eda<br>toma solamente en cuenta<br>que es ganado de los moros<br>a precio de sangre buena;<br>que con su espada en dos a\u00f1os<br>te ha ganado el Cid m\u00e1s tierras<br>que te dej\u00f3 el rey Fernando,<br>tu padre, que en gloria sea.<br>Y una merced sola pide<br>el Cid, que tu mano besa,<br>y te suplica le env\u00edes<br>sus hijas y su Jimena;<br>salgan de su soledad<br>de San Pedro de C\u00e1rdena<br>y vayan a ser se\u00f1oras<br>de la ciudad de Valencia.<\/p>\n\n    <p>Apenas call\u00f3 Alvar F\u00e1\u00f1ez,<br>cuando la envidia revienta<br>y el conde Garc\u00eda Ord\u00f3\u00f1ez<br>hablaba en mala manera:<br>\u2014De las ganancias del Cid,<br>buen rey, no hag\u00e1is mucha cuenta,<br>que cuanto gan\u00f3 en un a\u00f1o<br>acaso en dos d\u00edas pierda;<br>querr\u00e1 que el destierro olvides<br>con esto que te presenta.<\/p>\n\n    <p>Cal\u00f3 Alvar F\u00e1\u00f1ez la gorra,<br>y empu\u00f1ando con la diestra,<br>tartamudo de coraje,<br>le dio al conde esta respuesta:<br>\u2014\u00a1Cortesanos, maldicientes,<br>cuan mal pag\u00e1is la defensa<br>que tuvisteis en la espada<br>que ha ensanchado vuestra tierra!<br>El Cid os tiene ganado<br>otro reino y cien fronteras,<br>y os quiere dar tierras suyas<br>aunque le ech\u00e9is de las vuestras.<br>Pudiera d\u00e1rselo a extra\u00f1os,<br>mas para cosa tan fea<br>es Rodrigo de Vivar<br>castellano a las derechas.<br>Descansen sus envidiosos,<br>descansen mientras les sea<br>el pecho del Cid muralla<br>de su vida y de sus tierras,<br>y entretengan en palacio<br>sus ocios enhorabuena,<br>mas cuiden mejor sus honras<br>en vez de manchar la ajena.<br>Y t\u00fa, rey, que las lisonjas<br>a tu placer aprovechas,<br>has de las lisonjas huestes<br>y ver\u00e1s c\u00f3mo pelean.<br>Perdona, que con enojo<br>pierdo el respeto a tu alteza,<br>y dame, si me has de dar,<br>a las hijas y a Jimena,<br>pues te ofrezco su rescate<br>como si estuvieran presas.<\/p>\n\n    <p>Levant\u00f3se el rey Alfonso<br>y al buen Alvar F\u00e1\u00f1ez ruega<br>que se sosiegue, y los dos<br>vayan a ver a Jimena.<br>Y al salir, ante la corte,<br>dijo parado en la puerta:<br>\u2014Al Cid el destierro alzo<br>y le devuelvo sus tierras;<br>con todo lo que ha ganado<br>conf\u00edrmole yo a Valencia,<br>y le a\u00f1ado de lo m\u00edo<br>Ordej\u00f3n, Camp\u00f3 y Briviesca,<br>Langa y todas sus alfoces,<br>con el castillo de Due\u00f1as;<br>que la honra del Cid es m\u00eda<br>y es honra de Espa\u00f1a entera.<\/p>\n  <\/div>\n\n  <p>Cuenta la gesta que do\u00f1a Jimena y sus hijas fueron llevadas con gran acompa\u00f1amiento a la ciudad de Valencia, y apenas llegadas, B\u00facar, rey de Marruecos y de T\u00fanez, queriendo recobrar la ciudad perdida, le puso cerco; pero fue derrotado por el Cid. El rey moro escap\u00f3 a u\u00f1a de caballo hasta el mar, y el Cid, que le persegu\u00eda, viendo que no pod\u00eda alcanzarle porque Babieca hab\u00eda trabajado mucho en aquella batalla, arroj\u00f3 su espada al fugitivo y le dio en las espaldas. El moro herido se meti\u00f3 a toda prisa en las naves, y el Cid, ape\u00e1ndose, tom\u00f3 su espada y la del rey B\u00facar, a la que puso nombre Tiz\u00f3n.<\/p>\n\n","rendered":"<h2 class=\"sigil_not_in_toc\">ROMANCE VEINTID\u00d3S<\/h2>\n<p class=\"titulo\">Mensaje de Alvar F\u00e1\u00f1ez y perd\u00f3n del Cid<\/p>\n<div class=\"verso1\">\n<p>Lleg\u00f3 Alvar F\u00e1\u00f1ez a Burgos<br \/>a llevar al rey la empresa<br \/>de cautivos y caballos,<br \/>de despojos y riquezas,<br \/>con cien llaves de las villas<br \/>y castillos que rindiera.<\/p>\n<p>Los que a lo lejos las v\u00edan<br \/>piensan que es gente de guerra,<br \/>y en grande alegr\u00eda tornan<br \/>al saber del Cid las nuevas.<\/p>\n<p>Entr\u00f3 Alvar F\u00e1\u00f1ez al rey,<br \/>y pidi\u00e9ndole licencia,<br \/>bes\u00f3le la mano y dijo:<br \/>\u2014Rey, reciba vuestra alteza<br \/>de un hidalgo desterrado<br \/>la voluntad por ofrenda.<br \/>De aqueste don que te env\u00eda<br \/>toma solamente en cuenta<br \/>que es ganado de los moros<br \/>a precio de sangre buena;<br \/>que con su espada en dos a\u00f1os<br \/>te ha ganado el Cid m\u00e1s tierras<br \/>que te dej\u00f3 el rey Fernando,<br \/>tu padre, que en gloria sea.<br \/>Y una merced sola pide<br \/>el Cid, que tu mano besa,<br \/>y te suplica le env\u00edes<br \/>sus hijas y su Jimena;<br \/>salgan de su soledad<br \/>de San Pedro de C\u00e1rdena<br \/>y vayan a ser se\u00f1oras<br \/>de la ciudad de Valencia.<\/p>\n<p>Apenas call\u00f3 Alvar F\u00e1\u00f1ez,<br \/>cuando la envidia revienta<br \/>y el conde Garc\u00eda Ord\u00f3\u00f1ez<br \/>hablaba en mala manera:<br \/>\u2014De las ganancias del Cid,<br \/>buen rey, no hag\u00e1is mucha cuenta,<br \/>que cuanto gan\u00f3 en un a\u00f1o<br \/>acaso en dos d\u00edas pierda;<br \/>querr\u00e1 que el destierro olvides<br \/>con esto que te presenta.<\/p>\n<p>Cal\u00f3 Alvar F\u00e1\u00f1ez la gorra,<br \/>y empu\u00f1ando con la diestra,<br \/>tartamudo de coraje,<br \/>le dio al conde esta respuesta:<br \/>\u2014\u00a1Cortesanos, maldicientes,<br \/>cuan mal pag\u00e1is la defensa<br \/>que tuvisteis en la espada<br \/>que ha ensanchado vuestra tierra!<br \/>El Cid os tiene ganado<br \/>otro reino y cien fronteras,<br \/>y os quiere dar tierras suyas<br \/>aunque le ech\u00e9is de las vuestras.<br \/>Pudiera d\u00e1rselo a extra\u00f1os,<br \/>mas para cosa tan fea<br \/>es Rodrigo de Vivar<br \/>castellano a las derechas.<br \/>Descansen sus envidiosos,<br \/>descansen mientras les sea<br \/>el pecho del Cid muralla<br \/>de su vida y de sus tierras,<br \/>y entretengan en palacio<br \/>sus ocios enhorabuena,<br \/>mas cuiden mejor sus honras<br \/>en vez de manchar la ajena.<br \/>Y t\u00fa, rey, que las lisonjas<br \/>a tu placer aprovechas,<br \/>has de las lisonjas huestes<br \/>y ver\u00e1s c\u00f3mo pelean.<br \/>Perdona, que con enojo<br \/>pierdo el respeto a tu alteza,<br \/>y dame, si me has de dar,<br \/>a las hijas y a Jimena,<br \/>pues te ofrezco su rescate<br \/>como si estuvieran presas.<\/p>\n<p>Levant\u00f3se el rey Alfonso<br \/>y al buen Alvar F\u00e1\u00f1ez ruega<br \/>que se sosiegue, y los dos<br \/>vayan a ver a Jimena.<br \/>Y al salir, ante la corte,<br \/>dijo parado en la puerta:<br \/>\u2014Al Cid el destierro alzo<br \/>y le devuelvo sus tierras;<br \/>con todo lo que ha ganado<br \/>conf\u00edrmole yo a Valencia,<br \/>y le a\u00f1ado de lo m\u00edo<br \/>Ordej\u00f3n, Camp\u00f3 y Briviesca,<br \/>Langa y todas sus alfoces,<br \/>con el castillo de Due\u00f1as;<br \/>que la honra del Cid es m\u00eda<br \/>y es honra de Espa\u00f1a entera.<\/p>\n<\/p><\/div>\n<p>Cuenta la gesta que do\u00f1a Jimena y sus hijas fueron llevadas con gran acompa\u00f1amiento a la ciudad de Valencia, y apenas llegadas, B\u00facar, rey de Marruecos y de T\u00fanez, queriendo recobrar la ciudad perdida, le puso cerco; pero fue derrotado por el Cid. El rey moro escap\u00f3 a u\u00f1a de caballo hasta el mar, y el Cid, que le persegu\u00eda, viendo que no pod\u00eda alcanzarle porque Babieca hab\u00eda trabajado mucho en aquella batalla, arroj\u00f3 su espada al fugitivo y le dio en las espaldas. El moro herido se meti\u00f3 a toda prisa en las naves, y el Cid, ape\u00e1ndose, tom\u00f3 su espada y la del rey B\u00facar, a la que puso nombre Tiz\u00f3n.<\/p>\n","protected":false},"author":1,"menu_order":75,"template":"","meta":{"pb_show_title":null,"pb_short_title":"","pb_subtitle":"","pb_authors":[],"pb_section_license":""},"chapter-type":[],"contributor":[],"license":[],"class_list":["post-105","chapter","type-chapter","status-publish","hentry"],"part":3,"_links":{"self":[{"href":"https:\/\/www.publiconsulting.com\/wordpress\/flornueva\/wp-json\/pressbooks\/v2\/chapters\/105","targetHints":{"allow":["GET"]}}],"collection":[{"href":"https:\/\/www.publiconsulting.com\/wordpress\/flornueva\/wp-json\/pressbooks\/v2\/chapters"}],"about":[{"href":"https:\/\/www.publiconsulting.com\/wordpress\/flornueva\/wp-json\/wp\/v2\/types\/chapter"}],"author":[{"embeddable":true,"href":"https:\/\/www.publiconsulting.com\/wordpress\/flornueva\/wp-json\/wp\/v2\/users\/1"}],"version-history":[{"count":1,"href":"https:\/\/www.publiconsulting.com\/wordpress\/flornueva\/wp-json\/pressbooks\/v2\/chapters\/105\/revisions"}],"predecessor-version":[{"id":232,"href":"https:\/\/www.publiconsulting.com\/wordpress\/flornueva\/wp-json\/pressbooks\/v2\/chapters\/105\/revisions\/232"}],"part":[{"href":"https:\/\/www.publiconsulting.com\/wordpress\/flornueva\/wp-json\/pressbooks\/v2\/parts\/3"}],"metadata":[{"href":"https:\/\/www.publiconsulting.com\/wordpress\/flornueva\/wp-json\/pressbooks\/v2\/chapters\/105\/metadata\/"}],"wp:attachment":[{"href":"https:\/\/www.publiconsulting.com\/wordpress\/flornueva\/wp-json\/wp\/v2\/media?parent=105"}],"wp:term":[{"taxonomy":"chapter-type","embeddable":true,"href":"https:\/\/www.publiconsulting.com\/wordpress\/flornueva\/wp-json\/pressbooks\/v2\/chapter-type?post=105"},{"taxonomy":"contributor","embeddable":true,"href":"https:\/\/www.publiconsulting.com\/wordpress\/flornueva\/wp-json\/wp\/v2\/contributor?post=105"},{"taxonomy":"license","embeddable":true,"href":"https:\/\/www.publiconsulting.com\/wordpress\/flornueva\/wp-json\/wp\/v2\/license?post=105"}],"curies":[{"name":"wp","href":"https:\/\/api.w.org\/{rel}","templated":true}]}}

Romance veintidós

<h2 class="sigil_not_in_toc">ROMANCE VEINTIDÓS</h2>

  <p class="titulo">Mensaje de Alvar Fáñez y perdón del Cid</p>

  <div class="verso1">
    <p>Llegó Alvar Fáñez a Burgos<br>a llevar al rey la empresa<br>de cautivos y caballos,<br>de despojos y riquezas,<br>con cien llaves de las villas<br>y castillos que rindiera.</p>

    <p>Los que a lo lejos las vían<br>piensan que es gente de guerra,<br>y en grande alegría tornan<br>al saber del Cid las nuevas.</p>

    <p>Entró Alvar Fáñez al rey,<br>y pidiéndole licencia,<br>besóle la mano y dijo:<br>—Rey, reciba vuestra alteza<br>de un hidalgo desterrado<br>la voluntad por ofrenda.<br>De aqueste don que te envía<br>toma solamente en cuenta<br>que es ganado de los moros<br>a precio de sangre buena;<br>que con su espada en dos años<br>te ha ganado el Cid más tierras<br>que te dejó el rey Fernando,<br>tu padre, que en gloria sea.<br>Y una merced sola pide<br>el Cid, que tu mano besa,<br>y te suplica le envíes<br>sus hijas y su Jimena;<br>salgan de su soledad<br>de San Pedro de Cárdena<br>y vayan a ser señoras<br>de la ciudad de Valencia.</p>

    <p>Apenas calló Alvar Fáñez,<br>cuando la envidia revienta<br>y el conde García Ordóñez<br>hablaba en mala manera:<br>—De las ganancias del Cid,<br>buen rey, no hagáis mucha cuenta,<br>que cuanto ganó en un año<br>acaso en dos días pierda;<br>querrá que el destierro olvides<br>con esto que te presenta.</p>

    <p>Caló Alvar Fáñez la gorra,<br>y empuñando con la diestra,<br>tartamudo de coraje,<br>le dio al conde esta respuesta:<br>—¡Cortesanos, maldicientes,<br>cuan mal pagáis la defensa<br>que tuvisteis en la espada<br>que ha ensanchado vuestra tierra!<br>El Cid os tiene ganado<br>otro reino y cien fronteras,<br>y os quiere dar tierras suyas<br>aunque le echéis de las vuestras.<br>Pudiera dárselo a extraños,<br>mas para cosa tan fea<br>es Rodrigo de Vivar<br>castellano a las derechas.<br>Descansen sus envidiosos,<br>descansen mientras les sea<br>el pecho del Cid muralla<br>de su vida y de sus tierras,<br>y entretengan en palacio<br>sus ocios enhorabuena,<br>mas cuiden mejor sus honras<br>en vez de manchar la ajena.<br>Y tú, rey, que las lisonjas<br>a tu placer aprovechas,<br>has de las lisonjas huestes<br>y verás cómo pelean.<br>Perdona, que con enojo<br>pierdo el respeto a tu alteza,<br>y dame, si me has de dar,<br>a las hijas y a Jimena,<br>pues te ofrezco su rescate<br>como si estuvieran presas.</p>

    <p>Levantóse el rey Alfonso<br>y al buen Alvar Fáñez ruega<br>que se sosiegue, y los dos<br>vayan a ver a Jimena.<br>Y al salir, ante la corte,<br>dijo parado en la puerta:<br>—Al Cid el destierro alzo<br>y le devuelvo sus tierras;<br>con todo lo que ha ganado<br>confírmole yo a Valencia,<br>y le añado de lo mío<br>Ordejón, Campó y Briviesca,<br>Langa y todas sus alfoces,<br>con el castillo de Dueñas;<br>que la honra del Cid es mía<br>y es honra de España entera.</p>
  </div>

  <p>Cuenta la gesta que doña Jimena y sus hijas fueron llevadas con gran acompañamiento a la ciudad de Valencia, y apenas llegadas, Búcar, rey de Marruecos y de Túnez, queriendo recobrar la ciudad perdida, le puso cerco; pero fue derrotado por el Cid. El rey moro escapó a uña de caballo hasta el mar, y el Cid, que le perseguía, viendo que no podía alcanzarle porque Babieca había trabajado mucho en aquella batalla, arrojó su espada al fugitivo y le dio en las espaldas. El moro herido se metió a toda prisa en las naves, y el Cid, apeándose, tomó su espada y la del rey Búcar, a la que puso nombre Tizón.</p>

<h2 class="sigil_not_in_toc">ROMANCE VEINTIDÓS</h2>
<p class="titulo">Mensaje de Alvar Fáñez y perdón del Cid</p>
<div class="verso1">
<p>Llegó Alvar Fáñez a Burgos<br />a llevar al rey la empresa<br />de cautivos y caballos,<br />de despojos y riquezas,<br />con cien llaves de las villas<br />y castillos que rindiera.</p>
<p>Los que a lo lejos las vían<br />piensan que es gente de guerra,<br />y en grande alegría tornan<br />al saber del Cid las nuevas.</p>
<p>Entró Alvar Fáñez al rey,<br />y pidiéndole licencia,<br />besóle la mano y dijo:<br />—Rey, reciba vuestra alteza<br />de un hidalgo desterrado<br />la voluntad por ofrenda.<br />De aqueste don que te envía<br />toma solamente en cuenta<br />que es ganado de los moros<br />a precio de sangre buena;<br />que con su espada en dos años<br />te ha ganado el Cid más tierras<br />que te dejó el rey Fernando,<br />tu padre, que en gloria sea.<br />Y una merced sola pide<br />el Cid, que tu mano besa,<br />y te suplica le envíes<br />sus hijas y su Jimena;<br />salgan de su soledad<br />de San Pedro de Cárdena<br />y vayan a ser señoras<br />de la ciudad de Valencia.</p>
<p>Apenas calló Alvar Fáñez,<br />cuando la envidia revienta<br />y el conde García Ordóñez<br />hablaba en mala manera:<br />—De las ganancias del Cid,<br />buen rey, no hagáis mucha cuenta,<br />que cuanto ganó en un año<br />acaso en dos días pierda;<br />querrá que el destierro olvides<br />con esto que te presenta.</p>
<p>Caló Alvar Fáñez la gorra,<br />y empuñando con la diestra,<br />tartamudo de coraje,<br />le dio al conde esta respuesta:<br />—¡Cortesanos, maldicientes,<br />cuan mal pagáis la defensa<br />que tuvisteis en la espada<br />que ha ensanchado vuestra tierra!<br />El Cid os tiene ganado<br />otro reino y cien fronteras,<br />y os quiere dar tierras suyas<br />aunque le echéis de las vuestras.<br />Pudiera dárselo a extraños,<br />mas para cosa tan fea<br />es Rodrigo de Vivar<br />castellano a las derechas.<br />Descansen sus envidiosos,<br />descansen mientras les sea<br />el pecho del Cid muralla<br />de su vida y de sus tierras,<br />y entretengan en palacio<br />sus ocios enhorabuena,<br />mas cuiden mejor sus honras<br />en vez de manchar la ajena.<br />Y tú, rey, que las lisonjas<br />a tu placer aprovechas,<br />has de las lisonjas huestes<br />y verás cómo pelean.<br />Perdona, que con enojo<br />pierdo el respeto a tu alteza,<br />y dame, si me has de dar,<br />a las hijas y a Jimena,<br />pues te ofrezco su rescate<br />como si estuvieran presas.</p>
<p>Levantóse el rey Alfonso<br />y al buen Alvar Fáñez ruega<br />que se sosiegue, y los dos<br />vayan a ver a Jimena.<br />Y al salir, ante la corte,<br />dijo parado en la puerta:<br />—Al Cid el destierro alzo<br />y le devuelvo sus tierras;<br />con todo lo que ha ganado<br />confírmole yo a Valencia,<br />y le añado de lo mío<br />Ordejón, Campó y Briviesca,<br />Langa y todas sus alfoces,<br />con el castillo de Dueñas;<br />que la honra del Cid es mía<br />y es honra de España entera.</p>
</p></div>
<p>Cuenta la gesta que doña Jimena y sus hijas fueron llevadas con gran acompañamiento a la ciudad de Valencia, y apenas llegadas, Búcar, rey de Marruecos y de Túnez, queriendo recobrar la ciudad perdida, le puso cerco; pero fue derrotado por el Cid. El rey moro escapó a uña de caballo hasta el mar, y el Cid, que le perseguía, viendo que no podía alcanzarle porque Babieca había trabajado mucho en aquella batalla, arrojó su espada al fugitivo y le dio en las espaldas. El moro herido se metió a toda prisa en las naves, y el Cid, apeándose, tomó su espada y la del rey Búcar, a la que puso nombre Tizón.</p>
