{"id":125,"date":"2019-07-04T13:09:37","date_gmt":"2019-07-04T11:09:37","guid":{"rendered":"https:\/\/www.publiconsulting.com\/wordpress\/flornueva\/chapter\/perdida-de-antequera\/"},"modified":"2019-07-04T13:41:33","modified_gmt":"2019-07-04T11:41:33","slug":"perdida-de-antequera","status":"publish","type":"chapter","link":"https:\/\/www.publiconsulting.com\/wordpress\/flornueva\/chapter\/perdida-de-antequera\/","title":{"rendered":"P\u00e9rdida de Antequera"},"content":{"raw":"\n\n  <h2 title=\"P\u00e9rdida de Antequera\">ROMANCE<\/h2>\n\n  <p class=\"titulo\">de la p\u00e9rdida de Antequera<\/p>\n\n  <div class=\"verso1\">\n    <p>La ma\u00f1ana de San Juan,<br>al tiempo que alboreaba,<br>gran fiesta hacen los moros<br>por la vega de Granada.<br>Revolviendo sus caballos<br>y jugando de las lanzas<br>ricos pendones en ellas<br>broslados por sus amadas,<br>ricas marlotas vestidas,<br>tejidas de oro y grana,<br>el moro que amores tiene<br>se\u00f1ales de ello mostraba,<br>y el que no ten\u00eda amores<br>all\u00ed no escaramuzaba.<br>Las damas moras los miran<br>de las torres del Alhambra;<br>tambi\u00e9n se los mira el rey<br>de dentro de la Alcazaba.<\/p>\n\n    <p>Dando voces vino un moro,<br>sangrienta toda la cara:<br>\u2014\u00a1Con tu licencia, buen rey,<br>dir\u00e9te una nueva mala:<br>el infante don Fernando<br>tiene a Antequera ganada;<br>muchos moros deja muertos,<br>yo soy quien mejor librara,<br>y siete lanzadas traigo,<br>la menor me llega al alma;<br>los que conmigo escaparon<br>en Archidona quedaban!<\/p>\n\n    <p>Cuando el rey oy\u00f3 tal nueva<br>la color se le mudaba.<br>Mand\u00f3 tocar sus trompetas<br>y sonar todas al arma;<br>mand\u00f3 juntar a los suyos,<br>para hacer gran cabalgada.<\/p>\n  <\/div>\n\n  <p>El dolor causado en Granada al saberse la p\u00e9rdida de Antequera en 1410 era asunto ya de varios romances cuando se compuso el de <cite>La ma\u00f1ana de San Juan<\/cite>. \u00c9ste muestra bien el refinado artificio que predomina en el <cite>Romancero<\/cite> morisco, pues hace surgir el tr\u00e1gico efecto de la noticia despu\u00e9s de dilatarse en la descripci\u00f3n del festival bullicioso de la corte. La villa de Antequera se rindi\u00f3 el de setiembre: no obstante, el poeta escoge el d\u00eda de San Juan por ser fiesta muy se\u00f1alada, que juntamente con los cristianos celebraban los moros, lo mismo en Oriente que en Andaluc\u00eda: los hombres de las dos religiones confraternizaban ese d\u00eda en sus alegr\u00edas, cambiaban entre s\u00ed presentes, engalanaban sus casas y personas, todo a pesar de que los alfaqu\u00edes condenaban severamente la participaci\u00f3n en tales regocijos cristianos.<\/p>\n\n","rendered":"<h2 title=\"P\u00e9rdida de Antequera\">ROMANCE<\/h2>\n<p class=\"titulo\">de la p\u00e9rdida de Antequera<\/p>\n<div class=\"verso1\">\n<p>La ma\u00f1ana de San Juan,<br \/>al tiempo que alboreaba,<br \/>gran fiesta hacen los moros<br \/>por la vega de Granada.<br \/>Revolviendo sus caballos<br \/>y jugando de las lanzas<br \/>ricos pendones en ellas<br \/>broslados por sus amadas,<br \/>ricas marlotas vestidas,<br \/>tejidas de oro y grana,<br \/>el moro que amores tiene<br \/>se\u00f1ales de ello mostraba,<br \/>y el que no ten\u00eda amores<br \/>all\u00ed no escaramuzaba.<br \/>Las damas moras los miran<br \/>de las torres del Alhambra;<br \/>tambi\u00e9n se los mira el rey<br \/>de dentro de la Alcazaba.<\/p>\n<p>Dando voces vino un moro,<br \/>sangrienta toda la cara:<br \/>\u2014\u00a1Con tu licencia, buen rey,<br \/>dir\u00e9te una nueva mala:<br \/>el infante don Fernando<br \/>tiene a Antequera ganada;<br \/>muchos moros deja muertos,<br \/>yo soy quien mejor librara,<br \/>y siete lanzadas traigo,<br \/>la menor me llega al alma;<br \/>los que conmigo escaparon<br \/>en Archidona quedaban!<\/p>\n<p>Cuando el rey oy\u00f3 tal nueva<br \/>la color se le mudaba.<br \/>Mand\u00f3 tocar sus trompetas<br \/>y sonar todas al arma;<br \/>mand\u00f3 juntar a los suyos,<br \/>para hacer gran cabalgada.<\/p>\n<\/p><\/div>\n<p>El dolor causado en Granada al saberse la p\u00e9rdida de Antequera en 1410 era asunto ya de varios romances cuando se compuso el de <cite>La ma\u00f1ana de San Juan<\/cite>. \u00c9ste muestra bien el refinado artificio que predomina en el <cite>Romancero<\/cite> morisco, pues hace surgir el tr\u00e1gico efecto de la noticia despu\u00e9s de dilatarse en la descripci\u00f3n del festival bullicioso de la corte. La villa de Antequera se rindi\u00f3 el de setiembre: no obstante, el poeta escoge el d\u00eda de San Juan por ser fiesta muy se\u00f1alada, que juntamente con los cristianos celebraban los moros, lo mismo en Oriente que en Andaluc\u00eda: los hombres de las dos religiones confraternizaban ese d\u00eda en sus alegr\u00edas, cambiaban entre s\u00ed presentes, engalanaban sus casas y personas, todo a pesar de que los alfaqu\u00edes condenaban severamente la participaci\u00f3n en tales regocijos cristianos.<\/p>\n","protected":false},"author":1,"menu_order":95,"template":"","meta":{"pb_show_title":null,"pb_short_title":"","pb_subtitle":"","pb_authors":[],"pb_section_license":""},"chapter-type":[],"contributor":[],"license":[],"class_list":["post-125","chapter","type-chapter","status-publish","hentry"],"part":3,"_links":{"self":[{"href":"https:\/\/www.publiconsulting.com\/wordpress\/flornueva\/wp-json\/pressbooks\/v2\/chapters\/125","targetHints":{"allow":["GET"]}}],"collection":[{"href":"https:\/\/www.publiconsulting.com\/wordpress\/flornueva\/wp-json\/pressbooks\/v2\/chapters"}],"about":[{"href":"https:\/\/www.publiconsulting.com\/wordpress\/flornueva\/wp-json\/wp\/v2\/types\/chapter"}],"author":[{"embeddable":true,"href":"https:\/\/www.publiconsulting.com\/wordpress\/flornueva\/wp-json\/wp\/v2\/users\/1"}],"version-history":[{"count":1,"href":"https:\/\/www.publiconsulting.com\/wordpress\/flornueva\/wp-json\/pressbooks\/v2\/chapters\/125\/revisions"}],"predecessor-version":[{"id":252,"href":"https:\/\/www.publiconsulting.com\/wordpress\/flornueva\/wp-json\/pressbooks\/v2\/chapters\/125\/revisions\/252"}],"part":[{"href":"https:\/\/www.publiconsulting.com\/wordpress\/flornueva\/wp-json\/pressbooks\/v2\/parts\/3"}],"metadata":[{"href":"https:\/\/www.publiconsulting.com\/wordpress\/flornueva\/wp-json\/pressbooks\/v2\/chapters\/125\/metadata\/"}],"wp:attachment":[{"href":"https:\/\/www.publiconsulting.com\/wordpress\/flornueva\/wp-json\/wp\/v2\/media?parent=125"}],"wp:term":[{"taxonomy":"chapter-type","embeddable":true,"href":"https:\/\/www.publiconsulting.com\/wordpress\/flornueva\/wp-json\/pressbooks\/v2\/chapter-type?post=125"},{"taxonomy":"contributor","embeddable":true,"href":"https:\/\/www.publiconsulting.com\/wordpress\/flornueva\/wp-json\/wp\/v2\/contributor?post=125"},{"taxonomy":"license","embeddable":true,"href":"https:\/\/www.publiconsulting.com\/wordpress\/flornueva\/wp-json\/wp\/v2\/license?post=125"}],"curies":[{"name":"wp","href":"https:\/\/api.w.org\/{rel}","templated":true}]}}

Pérdida de Antequera

<h2 title="Pérdida de Antequera">ROMANCE</h2>

  <p class="titulo">de la pérdida de Antequera</p>

  <div class="verso1">
    <p>La mañana de San Juan,<br>al tiempo que alboreaba,<br>gran fiesta hacen los moros<br>por la vega de Granada.<br>Revolviendo sus caballos<br>y jugando de las lanzas<br>ricos pendones en ellas<br>broslados por sus amadas,<br>ricas marlotas vestidas,<br>tejidas de oro y grana,<br>el moro que amores tiene<br>señales de ello mostraba,<br>y el que no tenía amores<br>allí no escaramuzaba.<br>Las damas moras los miran<br>de las torres del Alhambra;<br>también se los mira el rey<br>de dentro de la Alcazaba.</p>

    <p>Dando voces vino un moro,<br>sangrienta toda la cara:<br>—¡Con tu licencia, buen rey,<br>diréte una nueva mala:<br>el infante don Fernando<br>tiene a Antequera ganada;<br>muchos moros deja muertos,<br>yo soy quien mejor librara,<br>y siete lanzadas traigo,<br>la menor me llega al alma;<br>los que conmigo escaparon<br>en Archidona quedaban!</p>

    <p>Cuando el rey oyó tal nueva<br>la color se le mudaba.<br>Mandó tocar sus trompetas<br>y sonar todas al arma;<br>mandó juntar a los suyos,<br>para hacer gran cabalgada.</p>
  </div>

  <p>El dolor causado en Granada al saberse la pérdida de Antequera en 1410 era asunto ya de varios romances cuando se compuso el de <cite>La mañana de San Juan</cite>. Éste muestra bien el refinado artificio que predomina en el <cite>Romancero</cite> morisco, pues hace surgir el trágico efecto de la noticia después de dilatarse en la descripción del festival bullicioso de la corte. La villa de Antequera se rindió el de setiembre: no obstante, el poeta escoge el día de San Juan por ser fiesta muy señalada, que juntamente con los cristianos celebraban los moros, lo mismo en Oriente que en Andalucía: los hombres de las dos religiones confraternizaban ese día en sus alegrías, cambiaban entre sí presentes, engalanaban sus casas y personas, todo a pesar de que los alfaquíes condenaban severamente la participación en tales regocijos cristianos.</p>

<h2 title="Pérdida de Antequera">ROMANCE</h2>
<p class="titulo">de la pérdida de Antequera</p>
<div class="verso1">
<p>La mañana de San Juan,<br />al tiempo que alboreaba,<br />gran fiesta hacen los moros<br />por la vega de Granada.<br />Revolviendo sus caballos<br />y jugando de las lanzas<br />ricos pendones en ellas<br />broslados por sus amadas,<br />ricas marlotas vestidas,<br />tejidas de oro y grana,<br />el moro que amores tiene<br />señales de ello mostraba,<br />y el que no tenía amores<br />allí no escaramuzaba.<br />Las damas moras los miran<br />de las torres del Alhambra;<br />también se los mira el rey<br />de dentro de la Alcazaba.</p>
<p>Dando voces vino un moro,<br />sangrienta toda la cara:<br />—¡Con tu licencia, buen rey,<br />diréte una nueva mala:<br />el infante don Fernando<br />tiene a Antequera ganada;<br />muchos moros deja muertos,<br />yo soy quien mejor librara,<br />y siete lanzadas traigo,<br />la menor me llega al alma;<br />los que conmigo escaparon<br />en Archidona quedaban!</p>
<p>Cuando el rey oyó tal nueva<br />la color se le mudaba.<br />Mandó tocar sus trompetas<br />y sonar todas al arma;<br />mandó juntar a los suyos,<br />para hacer gran cabalgada.</p>
</p></div>
<p>El dolor causado en Granada al saberse la pérdida de Antequera en 1410 era asunto ya de varios romances cuando se compuso el de <cite>La mañana de San Juan</cite>. Éste muestra bien el refinado artificio que predomina en el <cite>Romancero</cite> morisco, pues hace surgir el trágico efecto de la noticia después de dilatarse en la descripción del festival bullicioso de la corte. La villa de Antequera se rindió el de setiembre: no obstante, el poeta escoge el día de San Juan por ser fiesta muy señalada, que juntamente con los cristianos celebraban los moros, lo mismo en Oriente que en Andalucía: los hombres de las dos religiones confraternizaban ese día en sus alegrías, cambiaban entre sí presentes, engalanaban sus casas y personas, todo a pesar de que los alfaquíes condenaban severamente la participación en tales regocijos cristianos.</p>
