{"id":68,"date":"2019-07-04T13:09:36","date_gmt":"2019-07-04T11:09:36","guid":{"rendered":"https:\/\/www.publiconsulting.com\/wordpress\/flornueva\/chapter\/libro-tercero\/"},"modified":"2019-07-04T13:39:24","modified_gmt":"2019-07-04T11:39:24","slug":"libro-tercero","status":"publish","type":"chapter","link":"https:\/\/www.publiconsulting.com\/wordpress\/flornueva\/chapter\/libro-tercero\/","title":{"rendered":"Libro tercero"},"content":{"raw":"\n\n  <h1 title=\"Libro tercero\">PARTE TERCERA DE LA FLOR<\/h1>\n\n  <p class=\"titulo\">ROMANCES DE VENGANZA<\/p>\n\n  <p class=\"salto10 titulo\">S\u00cdGUESE LA HISTORIA DE LOS SIETE INFANTES DE LARA<\/p>\n\n  <p class=\"salto25\">de c\u00f3mo fueron traicionados y muertos por su t\u00edo Rodrigo Vel\u00e1zquez, en los tiempos en que el conde Garci Fern\u00e1ndez ve\u00eda a Castilla amenazada por las vencedoras campa\u00f1as del moro Almanzor; y cuenta tambi\u00e9n c\u00f3mo la muerte de los infantes fue despu\u00e9s vengada por Mudarra Gonz\u00e1lez. Es una historia lastimera. De un peque\u00f1o agravio se levanta gran discordia, mortal enemiga y una fiera venganza; la venganza alimenta largos odios que envejecen en el coraz\u00f3n; los odios viejos engendran nueva vida, y la nueva generaci\u00f3n crece para el odio y para la venganza.<\/p>\n\n","rendered":"<h1 title=\"Libro tercero\">PARTE TERCERA DE LA FLOR<\/h1>\n<p class=\"titulo\">ROMANCES DE VENGANZA<\/p>\n<p class=\"salto10 titulo\">S\u00cdGUESE LA HISTORIA DE LOS SIETE INFANTES DE LARA<\/p>\n<p class=\"salto25\">de c\u00f3mo fueron traicionados y muertos por su t\u00edo Rodrigo Vel\u00e1zquez, en los tiempos en que el conde Garci Fern\u00e1ndez ve\u00eda a Castilla amenazada por las vencedoras campa\u00f1as del moro Almanzor; y cuenta tambi\u00e9n c\u00f3mo la muerte de los infantes fue despu\u00e9s vengada por Mudarra Gonz\u00e1lez. Es una historia lastimera. De un peque\u00f1o agravio se levanta gran discordia, mortal enemiga y una fiera venganza; la venganza alimenta largos odios que envejecen en el coraz\u00f3n; los odios viejos engendran nueva vida, y la nueva generaci\u00f3n crece para el odio y para la venganza.<\/p>\n","protected":false},"author":1,"menu_order":38,"template":"","meta":{"pb_show_title":null,"pb_short_title":"","pb_subtitle":"","pb_authors":[],"pb_section_license":""},"chapter-type":[],"contributor":[],"license":[],"class_list":["post-68","chapter","type-chapter","status-publish","hentry"],"part":3,"_links":{"self":[{"href":"https:\/\/www.publiconsulting.com\/wordpress\/flornueva\/wp-json\/pressbooks\/v2\/chapters\/68","targetHints":{"allow":["GET"]}}],"collection":[{"href":"https:\/\/www.publiconsulting.com\/wordpress\/flornueva\/wp-json\/pressbooks\/v2\/chapters"}],"about":[{"href":"https:\/\/www.publiconsulting.com\/wordpress\/flornueva\/wp-json\/wp\/v2\/types\/chapter"}],"author":[{"embeddable":true,"href":"https:\/\/www.publiconsulting.com\/wordpress\/flornueva\/wp-json\/wp\/v2\/users\/1"}],"version-history":[{"count":1,"href":"https:\/\/www.publiconsulting.com\/wordpress\/flornueva\/wp-json\/pressbooks\/v2\/chapters\/68\/revisions"}],"predecessor-version":[{"id":195,"href":"https:\/\/www.publiconsulting.com\/wordpress\/flornueva\/wp-json\/pressbooks\/v2\/chapters\/68\/revisions\/195"}],"part":[{"href":"https:\/\/www.publiconsulting.com\/wordpress\/flornueva\/wp-json\/pressbooks\/v2\/parts\/3"}],"metadata":[{"href":"https:\/\/www.publiconsulting.com\/wordpress\/flornueva\/wp-json\/pressbooks\/v2\/chapters\/68\/metadata\/"}],"wp:attachment":[{"href":"https:\/\/www.publiconsulting.com\/wordpress\/flornueva\/wp-json\/wp\/v2\/media?parent=68"}],"wp:term":[{"taxonomy":"chapter-type","embeddable":true,"href":"https:\/\/www.publiconsulting.com\/wordpress\/flornueva\/wp-json\/pressbooks\/v2\/chapter-type?post=68"},{"taxonomy":"contributor","embeddable":true,"href":"https:\/\/www.publiconsulting.com\/wordpress\/flornueva\/wp-json\/wp\/v2\/contributor?post=68"},{"taxonomy":"license","embeddable":true,"href":"https:\/\/www.publiconsulting.com\/wordpress\/flornueva\/wp-json\/wp\/v2\/license?post=68"}],"curies":[{"name":"wp","href":"https:\/\/api.w.org\/{rel}","templated":true}]}}

<h1 title="Libro tercero">PARTE TERCERA DE LA FLOR</h1>

  <p class="titulo">ROMANCES DE VENGANZA</p>

  <p class="salto10 titulo">SÍGUESE LA HISTORIA DE LOS SIETE INFANTES DE LARA</p>

  <p class="salto25">de cómo fueron traicionados y muertos por su tío Rodrigo Velázquez, en los tiempos en que el conde Garci Fernández veía a Castilla amenazada por las vencedoras campañas del moro Almanzor; y cuenta también cómo la muerte de los infantes fue después vengada por Mudarra González. Es una historia lastimera. De un pequeño agravio se levanta gran discordia, mortal enemiga y una fiera venganza; la venganza alimenta largos odios que envejecen en el corazón; los odios viejos engendran nueva vida, y la nueva generación crece para el odio y para la venganza.</p>

<h1 title="Libro tercero">PARTE TERCERA DE LA FLOR</h1>
<p class="titulo">ROMANCES DE VENGANZA</p>
<p class="salto10 titulo">SÍGUESE LA HISTORIA DE LOS SIETE INFANTES DE LARA</p>
<p class="salto25">de cómo fueron traicionados y muertos por su tío Rodrigo Velázquez, en los tiempos en que el conde Garci Fernández veía a Castilla amenazada por las vencedoras campañas del moro Almanzor; y cuenta también cómo la muerte de los infantes fue después vengada por Mudarra González. Es una historia lastimera. De un pequeño agravio se levanta gran discordia, mortal enemiga y una fiera venganza; la venganza alimenta largos odios que envejecen en el corazón; los odios viejos engendran nueva vida, y la nueva generación crece para el odio y para la venganza.</p>
