{"id":84,"date":"2019-07-04T13:09:36","date_gmt":"2019-07-04T11:09:36","guid":{"rendered":"https:\/\/www.publiconsulting.com\/wordpress\/flornueva\/chapter\/el-tercer-romance\/"},"modified":"2019-07-04T13:40:00","modified_gmt":"2019-07-04T11:40:00","slug":"el-tercer-romance","status":"publish","type":"chapter","link":"https:\/\/www.publiconsulting.com\/wordpress\/flornueva\/chapter\/el-tercer-romance\/","title":{"rendered":"El tercer Romance"},"content":{"raw":"\n\n  <h2 class=\"sigil_not_in_toc\">EL TERCER ROMANCE<\/h2>\n\n  <p class=\"titulo\">en que Jimena pide de nuevo justicia al rey<\/p>\n\n  <div class=\"verso1\">\n    <p>En Burgos est\u00e1 el buen rey<br>asentado a su yantar,<br>cuando la Jimena G\u00f3mez<br>se le vino a querellar;<br>cubierta pa\u00f1os de luto,<br>tocas de negro cendal;<br>las rodillas por el suelo,<br>comenzara de fablar:<br>\u2014Con mancilla vivo, rey;<br>con ella vive m\u00ed madre;<br>cada d\u00eda que amanece<br>veo quien mat\u00f3 mi padre<br>caballero en un caballo<br>y en su mano un gavil\u00e1n;<br>por hacerme m\u00e1s enojo<br>c\u00e9balo en mi palomar;<br>con sangre de mis palomas<br>ensangrent\u00f3 mi brial.<br>\u00a1Hacedme, buen rey, justicia,<br>no me la quer\u00e1is negar!<br>Rey que non face justicia<br>non deb\u00eda de reinar,<br>ni comer pan a manteles,<br>ni con la reina folgar.<\/p>\n\n    <p>El rey cuando aquesto oyera<br>comenzara de pensar:<br>\u00abSi yo prendo o mato al Cid,<br>mis cortes revolverse han;<br>pues, si lo dejo de hacer,<br>Dios me lo demandar\u00e1\u00bb.<\/p>\n\n    <p>All\u00ed habl\u00f3 do\u00f1a Jimena<br>palabras bien de notar;<br>\u2014Yo te lo dir\u00eda, rey,<br>c\u00f3mo lo has de remediar.<br>Mant\u00e9n t\u00fa bien las tus cortes,<br>no te las revuelva nadie,<br>y al que mi padre mat\u00f3<br>d\u00e1melo para casar,<br>que quien tanto mal me hizo<br>s\u00e9 que alg\u00fan bien me far\u00e1,<br>\u2014Siempre lo he o\u00eddo decir,<br>y ahora veo que es verdad,<br>que el seso de las mujeres<br>no era cosa natural:<br>hasta aqu\u00ed pidi\u00f3 justicia,<br>ya quiere con \u00e9l casar.<br>Mandar\u00e9 una carta al Cid,<br>mandarle quiero llamar.<\/p>\n\n    <p>Las palabras no son dichas,<br>la carta camino va;<br>mensajero que la lleva<br>dado la hab\u00eda a su padre.<\/p>\n  <\/div>\n\n","rendered":"<h2 class=\"sigil_not_in_toc\">EL TERCER ROMANCE<\/h2>\n<p class=\"titulo\">en que Jimena pide de nuevo justicia al rey<\/p>\n<div class=\"verso1\">\n<p>En Burgos est\u00e1 el buen rey<br \/>asentado a su yantar,<br \/>cuando la Jimena G\u00f3mez<br \/>se le vino a querellar;<br \/>cubierta pa\u00f1os de luto,<br \/>tocas de negro cendal;<br \/>las rodillas por el suelo,<br \/>comenzara de fablar:<br \/>\u2014Con mancilla vivo, rey;<br \/>con ella vive m\u00ed madre;<br \/>cada d\u00eda que amanece<br \/>veo quien mat\u00f3 mi padre<br \/>caballero en un caballo<br \/>y en su mano un gavil\u00e1n;<br \/>por hacerme m\u00e1s enojo<br \/>c\u00e9balo en mi palomar;<br \/>con sangre de mis palomas<br \/>ensangrent\u00f3 mi brial.<br \/>\u00a1Hacedme, buen rey, justicia,<br \/>no me la quer\u00e1is negar!<br \/>Rey que non face justicia<br \/>non deb\u00eda de reinar,<br \/>ni comer pan a manteles,<br \/>ni con la reina folgar.<\/p>\n<p>El rey cuando aquesto oyera<br \/>comenzara de pensar:<br \/>\u00abSi yo prendo o mato al Cid,<br \/>mis cortes revolverse han;<br \/>pues, si lo dejo de hacer,<br \/>Dios me lo demandar\u00e1\u00bb.<\/p>\n<p>All\u00ed habl\u00f3 do\u00f1a Jimena<br \/>palabras bien de notar;<br \/>\u2014Yo te lo dir\u00eda, rey,<br \/>c\u00f3mo lo has de remediar.<br \/>Mant\u00e9n t\u00fa bien las tus cortes,<br \/>no te las revuelva nadie,<br \/>y al que mi padre mat\u00f3<br \/>d\u00e1melo para casar,<br \/>que quien tanto mal me hizo<br \/>s\u00e9 que alg\u00fan bien me far\u00e1,<br \/>\u2014Siempre lo he o\u00eddo decir,<br \/>y ahora veo que es verdad,<br \/>que el seso de las mujeres<br \/>no era cosa natural:<br \/>hasta aqu\u00ed pidi\u00f3 justicia,<br \/>ya quiere con \u00e9l casar.<br \/>Mandar\u00e9 una carta al Cid,<br \/>mandarle quiero llamar.<\/p>\n<p>Las palabras no son dichas,<br \/>la carta camino va;<br \/>mensajero que la lleva<br \/>dado la hab\u00eda a su padre.<\/p>\n<\/p><\/div>\n","protected":false},"author":1,"menu_order":54,"template":"","meta":{"pb_show_title":null,"pb_short_title":"","pb_subtitle":"","pb_authors":[],"pb_section_license":""},"chapter-type":[],"contributor":[],"license":[],"class_list":["post-84","chapter","type-chapter","status-publish","hentry"],"part":3,"_links":{"self":[{"href":"https:\/\/www.publiconsulting.com\/wordpress\/flornueva\/wp-json\/pressbooks\/v2\/chapters\/84","targetHints":{"allow":["GET"]}}],"collection":[{"href":"https:\/\/www.publiconsulting.com\/wordpress\/flornueva\/wp-json\/pressbooks\/v2\/chapters"}],"about":[{"href":"https:\/\/www.publiconsulting.com\/wordpress\/flornueva\/wp-json\/wp\/v2\/types\/chapter"}],"author":[{"embeddable":true,"href":"https:\/\/www.publiconsulting.com\/wordpress\/flornueva\/wp-json\/wp\/v2\/users\/1"}],"version-history":[{"count":1,"href":"https:\/\/www.publiconsulting.com\/wordpress\/flornueva\/wp-json\/pressbooks\/v2\/chapters\/84\/revisions"}],"predecessor-version":[{"id":211,"href":"https:\/\/www.publiconsulting.com\/wordpress\/flornueva\/wp-json\/pressbooks\/v2\/chapters\/84\/revisions\/211"}],"part":[{"href":"https:\/\/www.publiconsulting.com\/wordpress\/flornueva\/wp-json\/pressbooks\/v2\/parts\/3"}],"metadata":[{"href":"https:\/\/www.publiconsulting.com\/wordpress\/flornueva\/wp-json\/pressbooks\/v2\/chapters\/84\/metadata\/"}],"wp:attachment":[{"href":"https:\/\/www.publiconsulting.com\/wordpress\/flornueva\/wp-json\/wp\/v2\/media?parent=84"}],"wp:term":[{"taxonomy":"chapter-type","embeddable":true,"href":"https:\/\/www.publiconsulting.com\/wordpress\/flornueva\/wp-json\/pressbooks\/v2\/chapter-type?post=84"},{"taxonomy":"contributor","embeddable":true,"href":"https:\/\/www.publiconsulting.com\/wordpress\/flornueva\/wp-json\/wp\/v2\/contributor?post=84"},{"taxonomy":"license","embeddable":true,"href":"https:\/\/www.publiconsulting.com\/wordpress\/flornueva\/wp-json\/wp\/v2\/license?post=84"}],"curies":[{"name":"wp","href":"https:\/\/api.w.org\/{rel}","templated":true}]}}

<h2 class="sigil_not_in_toc">EL TERCER ROMANCE</h2>

  <p class="titulo">en que Jimena pide de nuevo justicia al rey</p>

  <div class="verso1">
    <p>En Burgos está el buen rey<br>asentado a su yantar,<br>cuando la Jimena Gómez<br>se le vino a querellar;<br>cubierta paños de luto,<br>tocas de negro cendal;<br>las rodillas por el suelo,<br>comenzara de fablar:<br>—Con mancilla vivo, rey;<br>con ella vive mí madre;<br>cada día que amanece<br>veo quien mató mi padre<br>caballero en un caballo<br>y en su mano un gavilán;<br>por hacerme más enojo<br>cébalo en mi palomar;<br>con sangre de mis palomas<br>ensangrentó mi brial.<br>¡Hacedme, buen rey, justicia,<br>no me la queráis negar!<br>Rey que non face justicia<br>non debía de reinar,<br>ni comer pan a manteles,<br>ni con la reina folgar.</p>

    <p>El rey cuando aquesto oyera<br>comenzara de pensar:<br>«Si yo prendo o mato al Cid,<br>mis cortes revolverse han;<br>pues, si lo dejo de hacer,<br>Dios me lo demandará».</p>

    <p>Allí habló doña Jimena<br>palabras bien de notar;<br>—Yo te lo diría, rey,<br>cómo lo has de remediar.<br>Mantén tú bien las tus cortes,<br>no te las revuelva nadie,<br>y al que mi padre mató<br>dámelo para casar,<br>que quien tanto mal me hizo<br>sé que algún bien me fará,<br>—Siempre lo he oído decir,<br>y ahora veo que es verdad,<br>que el seso de las mujeres<br>no era cosa natural:<br>hasta aquí pidió justicia,<br>ya quiere con él casar.<br>Mandaré una carta al Cid,<br>mandarle quiero llamar.</p>

    <p>Las palabras no son dichas,<br>la carta camino va;<br>mensajero que la lleva<br>dado la había a su padre.</p>
  </div>

<h2 class="sigil_not_in_toc">EL TERCER ROMANCE</h2>
<p class="titulo">en que Jimena pide de nuevo justicia al rey</p>
<div class="verso1">
<p>En Burgos está el buen rey<br />asentado a su yantar,<br />cuando la Jimena Gómez<br />se le vino a querellar;<br />cubierta paños de luto,<br />tocas de negro cendal;<br />las rodillas por el suelo,<br />comenzara de fablar:<br />—Con mancilla vivo, rey;<br />con ella vive mí madre;<br />cada día que amanece<br />veo quien mató mi padre<br />caballero en un caballo<br />y en su mano un gavilán;<br />por hacerme más enojo<br />cébalo en mi palomar;<br />con sangre de mis palomas<br />ensangrentó mi brial.<br />¡Hacedme, buen rey, justicia,<br />no me la queráis negar!<br />Rey que non face justicia<br />non debía de reinar,<br />ni comer pan a manteles,<br />ni con la reina folgar.</p>
<p>El rey cuando aquesto oyera<br />comenzara de pensar:<br />«Si yo prendo o mato al Cid,<br />mis cortes revolverse han;<br />pues, si lo dejo de hacer,<br />Dios me lo demandará».</p>
<p>Allí habló doña Jimena<br />palabras bien de notar;<br />—Yo te lo diría, rey,<br />cómo lo has de remediar.<br />Mantén tú bien las tus cortes,<br />no te las revuelva nadie,<br />y al que mi padre mató<br />dámelo para casar,<br />que quien tanto mal me hizo<br />sé que algún bien me fará,<br />—Siempre lo he oído decir,<br />y ahora veo que es verdad,<br />que el seso de las mujeres<br />no era cosa natural:<br />hasta aquí pidió justicia,<br />ya quiere con él casar.<br />Mandaré una carta al Cid,<br />mandarle quiero llamar.</p>
<p>Las palabras no son dichas,<br />la carta camino va;<br />mensajero que la lleva<br />dado la había a su padre.</p>
</p></div>
